d(y) = y**3 - 93*y**2 - 3678*y - 1805. Calculate d(123).
-329
Let i(g) = 17*g**3 - 1130*g**2 + 7073*g + 24. Give i(7).
-4
Let x(a) = a**3 - 41*a**2 + 1460*a - 51141. Calculate x(38).
7
Let o(t) = -t**2 + 1034*t + 39703. Determine o(-37).
76
Let k(q) = 5*q**2 - 1098*q - 340777. Determine k(393).
-46
Let s(x) = -36357*x - 7525902. Determine s(-207).
-3
Let z(c) = -123*c**3 - 37*c**2 - 9*c - 30. Calculate z(-2).
824
Let t(a) = 963*a + 79085. Determine t(-80).
2045
Let o(g) = -23*g**2 + 53*g + 299. What is o(5)?
-11
Let k(f) = -2*f**3 + 29*f**2 + 32*f + 858. Give k(17).
-43
Let s(g) = 70414*g + 1689940. Calculate s(-24).
4
Let k(w) = -w**3 + 13*w**2 + 39*w - 84. What is k(15)?
51
Let k(w) = 4*w**2 + 52*w + 36. Calculate k(-1).
-12
Let z(t) = -t**3 - 12*t**2 - 208*t - 2186. Calculate z(-11).
-19
Let j(i) = 20674*i + 25036203. Determine j(-1211).
-11
Let a(x) = 13*x**3 - 3887*x**2 + 10*x - 2996. Determine a(299).
-6
Let p(i) = -i**3 + 86*i**2 + 209*i + 5369. Determine p(89).
207
Let z(t) = -3*t**3 + 19*t**2 - 13*t + 85. What is z(6)?
43
Let r(y) = -211*y + 3621. What is r(17)?
34
Let p(k) = 1057*k + 17005. Give p(-16).
93
Let z(x) = x**3 + 115*x**2 + 678*x + 121. Give z(-6).
-23
Let x(i) = -8*i**3 + 232*i**2 + 6*i - 237. Give x(29).
-63
Let f(i) = 50*i - 1661. What is f(13)?
-1011
Let m(s) = 69*s - 7669. Determine m(112).
59
Let h(m) = -3*m**3 - 891*m**2 + 1791*m - 895. Calculate h(-299).
2
Let x(b) = -69*b**2 - 1152*b + 368. What is x(-17)?
11
Let z(r) = r**2 + 1078*r + 14792. What is z(-14)?
-104
Let q(c) = 3*c**2 - 251*c + 505. Give q(8).
-1311
Let s(z) = 3*z**2 - 608*z - 16537. What is s(227)?
34
Let r(p) = p**2 - 22*p + 779. Give r(17).
694
Let n(g) = -g**3 + 25*g**2 + 99*g + 390. Determine n(29).
-103
Let p(t) = -1602*t**2 + 4769*t - 2. Determine p(3).
-113
Let s(g) = -1093*g + 7484. Determine s(5).
2019
Let w(n) = 28*n**2 - 558*n - 14678. What is w(-15)?
-8
Let f(y) = -3*y**2 - 937*y - 10265. Determine f(-301).
-31
Let a(v) = -109*v**3 - 641*v**2 + 154*v + 459. What is a(-6)?
3
Let p(h) = h**3 - 51*h**2 + 132*h - 1407. Calculate p(49).
259
Let d(u) = u**3 + 824*u**2 - 2450*u + 25635. Give d(-827).
-2
Let l(n) = n**3 + 485*n**2 - 11682*n + 1020. What is l(-508)?
4
Let v(z) = z**3 + 31*z**2 - 34*z - 57. Calculate v(-32).
7
Let r(s) = -5265*s + 24215. Give r(5).
-2110
Let v(c) = -2*c**3 - 151*c**2 + 166*c - 4734. Determine v(-77).
271
Let u(h) = -27683*h - 553953. Calculate u(-20).
-293
Let a(d) = -89*d**2 + 3578*d - 3577. Calculate a(1).
-88
Let f(i) = -16*i**2 - 115*i - 17. Determine f(-7).
4
Let n(k) = 14*k**2 - 571*k - 1153. Give n(-2).
45
Let o(f) = -19*f**2 + 52*f + 227. What is o(-8)?
-1405
Let z(a) = -28*a**2 + 1325*a + 855. Determine z(48).
-57
Let r(g) = 5*g**2 - 1281*g - 83747. Give r(-54).
7
Let y(w) = 17968*w**2 + 251548*w - 59. Calculate y(-14).
-3
Let c(u) = 215*u + 31115. Determine c(-143).
370
Let s(r) = -51018*r - 2193777. Give s(-43).
-3
Let i(g) = -g**3 - 26*g**2 + 396*g + 6700. Calculate i(-12).
-68
Let j(a) = -2785*a + 19913. Calculate j(7).
418
Let c(g) = 2395*g - 170040. Determine c(71).
5
Let b(r) = r**3 + 742*r**2 + 24795*r - 17. Give b(-35).
-1767
Let x(h) = -133923*h + 86648177. What is x(647)?
-4
Let i(g) = -14441*g + 128899. What is i(9)?
-1070
Let w(l) = 4*l**3 + 218*l**2 - 110*l - 146. Calculate w(-55).
-146
Let n(w) = 2*w**3 + 17*w**2 - 2646*w - 65. What is n(-40)?
4975
Let y(f) = 241*f + 6597. Determine y(-28).
-151
Let w(a) = -a**2 + 1855*a + 126792. What is w(-66)?
6
Let k(y) = -y**3 - 35*y**2 + 37*y - 145. What is k(-36)?
-181
Let s(w) = -583*w**2 + 9337*w - 142. What is s(16)?
2
Let y(m) = -m**3 + 137*m**2 - 245*m - 21164. What is y(134)?
-126
Let x(j) = 134*j - 4498. Calculate x(34).
58
Let f(d) = -7*d**3 + 1720*d**2 + 474*d + 4434. Calculate f(246).
6
Let n(t) = -9*t**2 - 459*t - 639. What is n(-49)?
243
Let j(y) = -y**3 - 171*y**2 - 283*y + 9274. Determine j(-169).
-21
Let u(f) = -2310*f + 20947. What is u(9)?
157
Let q(y) = -3*y**3 + 926*y**2 + 93279*y - 72. What is q(-80)?
8
Let b(j) = 192*j + 11966. Calculate b(-43).
3710
Let f(r) = -339*r**2 + 4201*r - 4200. Calculate f(1).
-338
Let h(o) = 6*o**2 + 65379*o - 261609. Give h(4).
3
Let p(v) = -18*v**2 + 110157*v - 440349. Determine p(4).
-9
Let h(c) = c**3 - 30*c**2 + 94*c + 129. Give h(26).
-131
Let s(x) = -x**3 - 566*x**2 - 77590*x - 329. What is s(-333)?
4
Let w(x) = -x**3 - 27*x**2 - 126*x - 366. Determine w(-21).
-366
Let r(a) = -49*a**2 - 331*a + 1644. Give r(5).
-1236
Let t(j) = 58*j + 2427. Give t(-44).
-125
Let p(x) = -3036*x**2 - 33*x + 27. What is p(1)?
-3042
Let x(b) = -3*b**2 - 4353*b - 1378575. Calculate x(-467).
9
Let o(c) = 37*c**3 - 17*c**2 - 14*c + 21. Calculate o(2).
221
Let g(l) = -l**2 + 270*l + 9386. What is g(-31)?
55
Let m(g) = 28*g**3 + 493*g**2 - 1334*g - 20450. What is m(-18)?
-2
Let p(k) = 495*k + 115080. Determine p(-234).
-750
Let p(b) = 26787*b + 107181. Give p(-4).
33
Let i(m) = 3*m**2 + 1373*m - 16267. Determine i(12).
641
Let b(l) = 1336*l + 9143. Determine b(-7).
-209
Let y(m) = -m**2 - m + 892. Give y(-32).
-100
Let i(f) = f**3 - 445*f**2 - 1885*f + 39948. Calculate i(449).
-13
Let o(v) = v**2 - 262*v + 17101. Calculate o(128).
-51
Let v(t) = -80*t**2 + 168*t + 14. Determine v(-3).
-1210
Let d(w) = 160*w**2 + 54*w - 116. Give d(2).
632
Let u(k) = k**3 + 135*k**2 - 122*k - 50575. Give u(-133).
1029
Let a(g) = -g**3 - 320*g**2 - 640*g + 301. Calculate a(-318).
1573
Let d(g) = 22*g**2 - 48*g - 4. What is d(4)?
156
Let l(q) = -764*q**2 + 1576*q - 94. Give l(2).
2
Let c(g) = -4299*g + 722244. Determine c(168).
12
Let h(l) = 218*l**2 - 1698*l - 3394. Give h(-2).
874
Let n(g) = 66*g**3 - 28*g**2 - 13*g + 13. Give n(1).
38
Let y(z) = -130355*z - 782173. Determine y(-6).
-43
Let s(a) = -7*a**3 - 53*a + 70. Calculate s(6).
-1760
Let t(h) = -17*h**3 - 50*h**2 + 6*h + 23. What is t(-3)?
14
Let c(s) = 3426*s - 16596. What is c(5)?
534
Let i(a) = -a**2 + 68*a - 1760. Calculate i(25).
-685
Let g(m) = -4*m**2 - 367*m - 2618. Give g(-7).
-245
Let y(q) = 3*q**2 - 126*q + 1577. What is y(14)?
401
Let z(x) = x**3 - 7*x**2 + 4090*x - 28647. Calculate z(7).
-17
Let w(u) = 19*u**2 - 10576*u - 42595. Determine w(-4).
13
Let w(u) = -21150*u - 528753. Give w(-25).
-3
Let x(n) = 145*n - 15705. Give x(103).
-770
Let h(s) = -2*s**3 + 42*s**2 + 298*s - 187. Determine h(26).
801
Let r(a) = 79*a**2 + 3*a + 9. Calculate r(0).
9
Let s(i) = 2*i**3 - 173*i**2 + 291*i - 2753. Give s(85).
307
Let c(o) = -153526*o**2 - 1074683*o - 8. Calculate c(-7).
-1
Let y(q) = 3914*q + 183923. Give y(-47).
-35
Let d(v) = 85*v**2 + 3240*v + 14103. Calculate d(-5).
28
Let s(t) = -37675*t - 7045255. Give s(-187).
-30
Let v(y) = -21*y**2 - 894*y - 8141. Determine v(-13).
-68
Let d(b) = 230*b - 3913. Calculate d(17).
-3
Let l(x) = -17*x**3 - 4*x**2 + 89*x + 280. Calculate l(-4).
948
Let u(s) = s**3 - 128*s**2 + 237*s + 1185. What is u(126)?
-705
Let v(z) = 867*z**2 - 61*z + 42. Determine v(1).
848
Let w(n) = n**3 - 40*n**2 - 4*n + 4100. Determine w(37).
-155
Let q(z) = -239*z**3 + 981*z**2 + 7*z + 19. Calculate q(4).
447
Let p(v) = v**3 + 81*v**2 + 1236*v - 2295. What is p(-23)?
-41
Let u(i) = i**2 - 927*i + 52760. Calculate u(61).
-66
Let f(s) = s**2 + 88414*s + 1060805. Give f(-12).
-19
Let z(c) = -7772*c - 279835. Give z(-36).
-43
Let f(a) = 15437*a + 941647. What is f(-61)?
-10
Let t(l) = -6*l**3 + 23*l**2 - 18*l + 32. Determine t(4).
-56
Let k(f) = -476*f - 207698. Determine k(-435).
-638
Let x(h) = -25720*h + 257158. Give x(10).
-42
Let m(x) = -60*x**3 - 304*x**2 - 14*x - 7. Calculate m(-4).
-975
Let y(z) = 2*z**2 + 913*z + 103950. What is y(-215)?
105
Let j(c) = c**3 - 59*c**2 - 915*c + 4415. What is j(71)?
-58
Let z(j) = -2*j**3 - 129*j**2 - 584*j + 36. Determine z(-5).
-19
Let b(m) = 1462*m - 102419. Give b(70).
-79
Let h(r) = -8449*r + 76540. Calculate h(9).
499
Let v(r) = 269049*r + 2690447. Give v(-10).
-43
Let p(o) = -1784*o + 3599. Give p(2).
31
Let j(v) = 18783*v + 94000. Calculate j(-5).
85
Let w(k) = 141198*k - 2400368. Give w(17).
-2
Let t(l) = 369*l**3 - 12*l**2 + 15*l - 2. Calculate t(1).
370
Let y(k) = 878*k - 51839. Calculate y(59).
-37
Let y(l) = -38667*l - 1198723. Calculate y(-31).
-46
Let s(z) = z**2 - 57*z + 1574. Calculate s(77).
3114
Let z(n